 0*z + 3 = 4*z. What is the units digit of p?
3
Let t(v) = v + 14. Let m be t(-16). Let n(p) = 0 - 1 - 6*p + 3. What is the tens digit of n(m)?
1
Let r = -202 + 328. What is the tens digit of r?
2
Let o = 17 + -7. What is the units digit of o - -1*(-3)/(-3)?
1
Let k = 41 + -25. What is the tens digit of k?
1
Let x(l) be the third derivative of 0 - 1/12*l**4 + 1/12*l**5 - 1/6*l**3 + l**2 + 0*l. What is the tens digit of x(2)?
1
Let k(z) = z**3 - 5*z**2 - 11*z + 9. Let q be k(7). Suppose -r = -4*o - 3*r - q, -o - 2*r = 15. Let i = o + 10. What is the units digit of i?
5
Suppose -13 = s - 5*s - b, 0 = 5*s + b - 15. Suppose 3*a - 24 = -o, -3*a + 3 = s*o - 24. What is the units digit of a?
7
Let k = -10 + 23. Let w = k + 20. What is the tens digit of w?
3
Let z = -369 + 527. What is the hundreds digit of z?
1
Let s(l) = 31*l - 33. What is the units digit of s(9)?
6
Let s = -52 - -88. What is the units digit of s?
6
Let l = -3 - -4. Suppose 0 = -0*r + 5*r - 4*t + 7, -2*t + l = -5*r. What is the units digit of r - -5 - (0 - -2)?
4
Let c(o) = o**2 + 7*o + 6. Let i be c(-4). Let n = i - -11. What is the units digit of n?
5
Suppose 0 = -0*c + 2*c - 70. What is the units digit of c?
5
Suppose 0 = 3*m - 5*m - 4. Let q be 1/(m/18*-3). Suppose 57 - 3 = q*o. What is the tens digit of o?
1
Let w = 8 + 0. Let y(j) = -2*j**2 - 10*j - 5. Let u be y(-5). Let d = w + u. What is the units digit of d?
3
What is the hundreds digit of 1822/18 - 2/9?
1
Suppose 10 = -0*h + h + 4*k, 5*h + 14 = -4*k. Let t = h + 5. What is the units digit of -1 - t - 18/(-6)?
3
Suppose 9*w - 190 = 4*w. What is the tens digit of w?
3
Let g be 8/(-6)*(-21)/14. Suppose a - 6*a - 26 = 3*c, 0 = -5*c - g*a - 18. What is the units digit of (c/(-6))/((-8)/(-192))?
8
Suppose 7*w = 3*w. Suppose w*d - 9 = -d. What is the units digit of d?
9
Suppose -3*v - 4*n = -24, 0*n = -5*v + 2*n + 14. Let j be 2/(-4) - (-82)/v. What is the units digit of (-8)/j - 27/(-5)?
5
Let c = -47 + 99. Suppose c = 4*o - 48. What is the tens digit of o?
2
Suppose -29 = -u + 68. What is the tens digit of u?
9
Suppose -k = -6*k + 50. What is the units digit of k?
0
Let v be 4/14 + (-94)/(-14). Let a be v/(-9) + (-10)/45. What is the units digit of (a/2)/((-1)/28)?
4
Let r be 1/4 - 135/12. What is the tens digit of (-178)/r + 2/(-11)?
1
What is the units digit of (1 + -94)*(-4 - (-2 - 1))?
3
Suppose 0 = -3*b - 2*b + 2*x + 18, 3*b + 5*x + 14 = 0. Let k = -58 + 58. Suppose k*p = b*p - 30. What is the tens digit of p?
1
Suppose -4*u = -36 - 328. What is the tens digit of u?
9
Let z = 20 + -15. Suppose -2*s + z*s = 15. What is the units digit of s?
5
Let p(y) = -y**2 + 4*y + 2. Suppose -6*s = -4*s - 6. Suppose 0 = -s*n + 12. What is the units digit of p(n)?
2
Let j(u) = -6*u - 16. What is the units digit of j(-3)?
2
Let k = -2 - 3. Let g = k + 8. What is the units digit of g?
3
Suppose -3*t - 12 = t - 5*o, 4*t + 5*o - 28 = 0. Suppose -2*p + 80 = t*p. Suppose x + 3 = -v + 7, 3*v + x - p = 0. What is the units digit of v?
8
Let v = 2 - 3. What is the units digit of 90/4 + v/(-2)?
3
Let h(o) = -o**2 + 5*o - 4. Let n be h(3). Let s be ((-6)/4)/(3/(-6)). Suppose -s = z + 2*u, 0 = -n*z + z - u + 1. What is the units digit of z?
5
Let y = 5 + 0. Let z = -2 + y. What is the units digit of z?
3
What is the units digit of 282/4 - 10/(-20)?
1
Let h = -5 + 5. Let q be h*(10/4)/5. Suppose q*j - j + 4 = 0. What is the units digit of j?
4
Let j(v) be the second derivative of -5*v**3/6 + v**2 - v. What is the units digit of j(-2)?
2
Suppose -4 - 6 = -d. What is the units digit of d/(6/(1 + 2))?
5
Let t = -133 + 141. What is the units digit of t?
8
Suppose 4*y - 76 = 60. What is the units digit of y?
4
Suppose 5*u + 11 = 1. What is the units digit of 15/((-9)/(-3) + u)?
5
Let m(f) be the first derivative of f**5/30 + 7*f**4/24 + f**3 + f**2/2 + 2. Let y(x) be the second derivative of m(x). What is the tens digit of y(-4)?
1
Let n = 317 + -209. What is the tens digit of n?
0
Let z = -6 - -9. Suppose 0 = z*w - 6*v + 2*v - 7, 3*w - 2 = 5*v. What is the units digit of w?
9
Let h be 34/4 - (-15)/(-10). Let z be h*(2 - 1 - -2). Suppose -3*u + 3 + z = 0. What is the units digit of u?
8
Let n(c) be the first derivative of c**3/3 + 5*c**2/2 - 4*c + 6. What is the tens digit of n(-9)?
3
Let a(s) = s**2 + s - 10. Let m(o) = -1. Let h(t) = -a(t) + 3*m(t). Let y = 1 + -1. What is the units digit of h(y)?
7
Let k(o) be the third derivative of 11*o**4/24 - o**3/3 - o**2. What is the tens digit of k(2)?
2
Let l be 19/4 + (-2)/(-8). Suppose 0 = -5*f + 2*f + 4*t + 58, -l*t = 20. What is the units digit of f?
4
Suppose 26 = 12*h - 58. What is the units digit of h?
7
What is the tens digit of 86/(-3 + (-20)/(-4))?
4
Let i = 3 - 9. Let u = i - -17. What is the tens digit of u?
1
Suppose 3*z - 899 = -b, b + 1493 = 2*z + 3*z. What is the hundreds digit of z?
2
Let k = 4 - 6. What is the units digit of (-16)/(4/k) - 2?
6
Suppose h + h + 14 = 0. Let u(y) = y**3 + 8*y**2 + 3*y - 2. What is the units digit of u(h)?
6
Let v = -94 + 165. What is the tens digit of v?
7
Suppose 0*h + 2*h - 10 = 0. Suppose -3*y + 7 = -4*i, 7*i - 31 = 4*i - h*y. What is the units digit of i?
2
Suppose -477 = -21*s + 18*s. What is the hundreds digit of s?
1
Let q = 21 - -12. What is the tens digit of q?
3
Let a = 32 + -14. What is the units digit of a?
8
Suppose 6*j - 2*j = 680. What is the units digit of j?
0
Suppose -4 = -2*m - 4*c + 7*c, 0 = -5*c. Suppose 1 = -m*f - 11. What is the units digit of (3/f + 0)*-2?
1
Suppose -3*f + f = -6. Suppose -60 = -0*d - f*d + 4*p, -d - 2*p + 30 = 0. What is the units digit of d/14 - 12/(-42)?
2
Suppose d - 6*d - 50 = 0. Let n = d + 18. What is the units digit of n?
8
Let g be ((-4)/5)/((-2)/10). Suppose v = -g*v. Suppose -2*k + v*k = -16. What is the units digit of k?
8
Suppose -2*v - 2*v + 12 = 0. Suppose r + 22 = v*r. What is the tens digit of r?
1
Suppose 5*c = b - 1, -3*b = 2*b + c - 135. What is the units digit of b?
6
Suppose -5382 + 470 = -16*i. What is the tens digit of i?
0
Let r = 4 - -5. Suppose -5*m = -x - 85, 0*x = m + 5*x + r. What is the tens digit of m?
1
Let m(w) = w**3 + 8*w**2 - 10*w - 4. Let r be m(-9). Suppose 0 = 4*x - 0*x - h - 11, 10 = r*x - 5*h. Suppose -n = -x - 2. What is the units digit of n?
5
Let b(m) = 7*m**2 + 3*m - 1. What is the units digit of b(5)?
9
Let c(y) be the third derivative of -y**4/12 + 5*y**3/6 - 5*y**2. What is the tens digit of c(-12)?
2
Let m(n) = 21*n - 4. What is the hundreds digit of m(12)?
2
Let l = 88 - 0. What is the tens digit of l?
8
Let o be 1/(-3) - (-31)/3. Suppose -o = 2*i - 7*i. Suppose -3*x = -0*x + 2*t - 27, -34 = -4*x - i*t. What is the units digit of x?
7
Let k(p) = 3*p**3 + 6*p**3 - 8*p**3 - 4*p - 4*p**2 - 7. What is the tens digit of k(6)?
4
Let i(r) = 7 - 2 - 2*r + 3*r. Suppose 0 = 4*n - 1 - 23. What is the tens digit of i(n)?
1
What is the units digit of (-2)/8 - ((-3730)/(-8))/(-5)?
3
Suppose 20 = 3*y - y - j, -y - 3*j + 24 = 0. Let m = y - -4. What is the units digit of (-1)/(-3) - m/(-6)?
3
Suppose -185 = -2*f + 4*i + 37, 0 = 2*i. What is the tens digit of f?
1
Suppose -o = 1, -2*o + 59 = 2*f + o. What is the units digit of f?
1
Let n = 72 - -9. What is the units digit of n?
1
Let i be -6 - (2/1 - 2). Let p(x) = -x**3 - 7*x**2 - 10*x - 6. Let o be p(i). Suppose 0 = k + 7 - o. What is the tens digit of k?
1
Let g be (36/(-21))/(8/(-28)). Let m(u) = -10*u - 6. Let p be m(-5). Suppose 5*h - g = p. What is the units digit of h?
0
Let l = -17 + 31. Let o = l + 12. What is the tens digit of o?
2
Let q(h) = -3*h + 6. Let p be q(7). What is the units digit of (20/p)/((-2)/12)?
8
Let i = -28 - -18. Let k = 17 + i. What is the units digit of k?
7
Let b(o) = o**3 + 4*o**2 - 6*o - 7. Let t be b(-5). What is the tens digit of ((-6)/t)/(18/102)?
1
Let u(y) = -y - 1. Let x(n) = -n**2 + n. Let w be x(-1). What is the units digit of u(w)?
1
Let q(a) = 2*a**2 - a - 1. Let o be q(-1). Suppose o*i + 3*j - 12 = -i, -3*i + 14 = 4*j. Suppose -i + 1 = -n. What is the units digit of n?
1
Suppose 8*w = 4*w. Let i be 2/(-5) - 24/(-10). Suppose -r - z = i*z + 13, w = 3*z + 15. What is the units digit of r?
2
Let q = -29 + 42. Let i = -6 + q. Let n = i - 3. What is the units digit of n?
4
Let g(z) = -14*z - 5. 